{"id":851,"date":"2018-09-30T23:38:09","date_gmt":"2018-09-30T16:38:09","guid":{"rendered":"http:\/\/pkanphu.com\/?page_id=851"},"modified":"2023-12-04T13:31:59","modified_gmt":"2023-12-04T06:31:59","slug":"lien-he","status":"publish","type":"page","link":"https:\/\/pkanphu.com\/?page_id=851","title":{"rendered":"Li\u00ean H\u1ec7"},"content":{"rendered":"<div class=\"row\"  id=\"row-62971504\">\n\n\t<div id=\"col-882432173\" class=\"col medium-6 small-12 large-6\"  >\n\t\t<div class=\"col-inner\"  >\n\t\t\t\n\t\t\t\n<p><span style=\"color: #000000;\"><strong>TH\u00d4NG TIN LI\u00caN H\u1ec6<\/strong><\/span><\/p>\n<p><a><img loading=\"lazy\" decoding=\"async\" class=\"alignnone wp-image-800\" src=\"http:\/\/pkanphu.com\/wp-content\/uploads\/2018\/09\/maps-and-flags.png\" alt=\"\" width=\"15\" height=\"15\" \/>\u00a0<span style=\"color: #000000;\">251A &#8211; 257A L\u01b0\u01a1ng \u0110\u1ecbnh C\u1ee7a, Ph\u01b0\u1eddng An Ph\u00fa, TP. Th\u1ee7 \u0110\u1ee9c<\/span><\/a><br \/>\n<a><img loading=\"lazy\" decoding=\"async\" class=\"alignnone wp-image-808\" src=\"http:\/\/pkanphu.com\/wp-content\/uploads\/2018\/09\/call-answer.png\" alt=\"\" width=\"15\" height=\"15\" \/>\u00a00<span style=\"color: #000000;\">28 6287 2238<\/span><\/a><br \/>\n<img loading=\"lazy\" decoding=\"async\" class=\"alignnone wp-image-813\" src=\"http:\/\/pkanphu.com\/wp-content\/uploads\/2018\/09\/world-wide-web.png\" alt=\"\" width=\"15\" height=\"15\" \/>\u00a0<a href=\"http:\/\/pkanphu.com\/\">www.pkanphu.com<\/a>.<\/p>\n\t\t<\/div>\n\t\t\t<\/div>\n\n\t\n\n\t<div id=\"col-1976528766\" class=\"col medium-6 small-12 large-6\"  >\n\t\t<div class=\"col-inner\"  >\n\t\t\t\n\t\t\t\n\n<div class=\"wpcf7 no-js\" id=\"wpcf7-f447-o1\" lang=\"en-US\" dir=\"ltr\">\n<div class=\"screen-reader-response\"><p role=\"status\" aria-live=\"polite\" aria-atomic=\"true\"><\/p> <ul><\/ul><\/div>\n<form action=\"\/index.php?rest_route=%2Fwp%2Fv2%2Fpages%2F851#wpcf7-f447-o1\" method=\"post\" class=\"wpcf7-form init\" aria-label=\"Contact form\" novalidate=\"novalidate\" data-status=\"init\">\n<div style=\"display: none;\">\n<input type=\"hidden\" name=\"_wpcf7\" value=\"447\" \/>\n<input type=\"hidden\" name=\"_wpcf7_version\" value=\"5.8.4\" \/>\n<input type=\"hidden\" name=\"_wpcf7_locale\" value=\"en_US\" \/>\n<input type=\"hidden\" name=\"_wpcf7_unit_tag\" value=\"wpcf7-f447-o1\" \/>\n<input type=\"hidden\" name=\"_wpcf7_container_post\" value=\"0\" \/>\n<input type=\"hidden\" name=\"_wpcf7_posted_data_hash\" value=\"\" \/>\n<\/div>\n<div class=\"form-flat\">\n\t<p><span class=\"wpcf7-form-control-wrap\" data-name=\"Ho-ten\"><input size=\"40\" class=\"wpcf7-form-control wpcf7-text wpcf7-validates-as-required\" aria-required=\"true\" aria-invalid=\"false\" placeholder=\"Nh\u1eadp h\u1ecd t\u00ean (b\u1eaft bu\u1ed9c)\" value=\"\" type=\"text\" name=\"Ho-ten\" \/><\/span><br \/>\n<span class=\"wpcf7-form-control-wrap\" data-name=\"sdt\"><input size=\"40\" class=\"wpcf7-form-control wpcf7-tel wpcf7-validates-as-required wpcf7-text wpcf7-validates-as-tel\" aria-required=\"true\" aria-invalid=\"false\" placeholder=\"S\u1ed1 \u0111i\u1ec7n tho\u1ea1i (b\u1eaft bu\u1ed9c)\" value=\"\" type=\"tel\" name=\"sdt\" \/><\/span><br \/>\n<span class=\"wpcf7-form-control-wrap\" data-name=\"ngay-thang\"><input class=\"wpcf7-form-control wpcf7-date wpcf7-validates-as-required wpcf7-validates-as-date\" aria-required=\"true\" aria-invalid=\"false\" value=\"\" type=\"date\" name=\"ngay-thang\" \/><\/span><br \/>\n<select name=\"chuyenkhoa\" id=\"chuyenkhoa\">\n <option value=\"null\">Ch\u1ecdn Chuy\u00ean Khoa<\/option>\n <option value=\"Khoa N\u1ed9i\">Khoa N\u1ed9i<\/option>\n <option value=\"Khoa Ngo\u1ea1i\">Khoa Ngo\u1ea1i<\/option>\n <option value=\"Khoa Tai-M\u0169i-H\u1ecdng\">Khoa Tai M\u0169i H\u1ecdng<\/option>\n <option value=\"Khoa S\u1ea3n-Ph\u1ee5 khoa\">Khoa S\u1ea3n Ph\u1ee5 Khoa<\/option>\n <option value=\"Khoa M\u1eaft\">Khoa M\u1eaft<\/option>\n <option value=\"Khoa R\u0103ng H\u00e0m M\u1eb7t\">Khoa R\u0103ng H\u00e0m M\u1eb7t<\/option>\n<\/select><br \/>\n<span class=\"wpcf7-form-control-wrap\" data-name=\"trieu-chung\"><textarea cols=\"40\" rows=\"10\" class=\"wpcf7-form-control wpcf7-textarea\" aria-invalid=\"false\" placeholder=\"Tri\u1ec7u ch\u1ee9ng\" name=\"trieu-chung\"><\/textarea><\/span><br \/>\n<input class=\"wpcf7-form-control wpcf7-submit has-spinner button\" type=\"submit\" value=\"G\u1eedi\" \/>\n\t<\/p>\n<\/div><div class=\"wpcf7-response-output\" aria-hidden=\"true\"><\/div>\n<\/form>\n<\/div>\n\n\t\t<\/div>\n\t\t\t<\/div>\n\n\t\n<\/div>\n<iframe loading=\"lazy\" style=\"border: 0;\" src=\"https:\/\/www.google.com\/maps\/embed?pb=!1m18!1m12!1m3!1d3919.2628956594845!2d106.74556361473391!3d10.791165692311507!2m3!1f0!2f0!3f0!3m2!1i1024!2i768!4f13.1!3m3!1m2!1s0x31752674aeed3def%3A0x79d9571c9e0d544d!2zUGjDsm5nIGtow6FtIMSRYSBraG9hIHF14buRYyB04bq_IEFuIFBow7o!5e0!3m2!1svi!2s!4v1565209320950!5m2!1svi!2s\" width=\"100%\" height=\"450\" frameborder=\"0\" allowfullscreen=\"allowfullscreen\"><\/iframe><\/p>\n","protected":false},"excerpt":{"rendered":"","protected":false},"author":1,"featured_media":0,"parent":0,"menu_order":0,"comment_status":"closed","ping_status":"closed","template":"","meta":{"footnotes":""},"class_list":["post-851","page","type-page","status-publish","hentry"],"yoast_head":"<!-- This site is optimized with the Yoast SEO plugin v21.6 - https:\/\/yoast.com\/wordpress\/plugins\/seo\/ -->\n<title>Li\u00ean H\u1ec7 - Ph\u00f2ng Kh\u00e1m \u0110a Khoa Qu\u1ed1c T\u1ebf An Ph\u00fa<\/title>\n<meta name=\"description\" content=\"\u00a0Li\u00ean h\u1ec7: 251A L\u01b0\u01a1ng \u0110\u1ecbnh C\u1ee7a, Ph\u01b0\u1eddng An Ph\u00fa, Qu\u1eadn 2 -\u00a0S\u0110T: 028 6287 2123 -\u00a0www.pkanphu.com.\" \/>\n<meta name=\"robots\" content=\"index, follow, max-snippet:-1, max-image-preview:large, max-video-preview:-1\" \/>\n<link rel=\"canonical\" href=\"https:\/\/pkanphu.com\/?page_id=851\" \/>\n<meta property=\"og:locale\" content=\"vi_VN\" \/>\n<meta property=\"og:type\" content=\"article\" \/>\n<meta property=\"og:title\" content=\"Li\u00ean H\u1ec7 - Ph\u00f2ng Kh\u00e1m \u0110a Khoa Qu\u1ed1c T\u1ebf An Ph\u00fa\" \/>\n<meta property=\"og:description\" content=\"\u00a0Li\u00ean h\u1ec7: 251A L\u01b0\u01a1ng \u0110\u1ecbnh C\u1ee7a, Ph\u01b0\u1eddng An Ph\u00fa, Qu\u1eadn 2 -\u00a0S\u0110T: 028 6287 2123 -\u00a0www.pkanphu.com.\" \/>\n<meta property=\"og:url\" content=\"https:\/\/pkanphu.com\/?page_id=851\" \/>\n<meta property=\"og:site_name\" content=\"Ph\u00f2ng Kh\u00e1m \u0110a Khoa Qu\u1ed1c T\u1ebf An Ph\u00fa\" \/>\n<meta property=\"article:modified_time\" content=\"2023-12-04T06:31:59+00:00\" \/>\n<meta property=\"og:image\" content=\"http:\/\/pkanphu.com\/wp-content\/uploads\/2018\/09\/maps-and-flags.png\" \/>\n<meta name=\"twitter:card\" content=\"summary_large_image\" \/>\n<meta name=\"twitter:label1\" content=\"\u01af\u1edbc t\u00ednh th\u1eddi gian \u0111\u1ecdc\" \/>\n\t<meta name=\"twitter:data1\" content=\"1 ph\u00fat\" \/>\n<script type=\"application\/ld+json\" class=\"yoast-schema-graph\">{\"@context\":\"https:\/\/schema.org\",\"@graph\":[{\"@type\":\"WebPage\",\"@id\":\"https:\/\/pkanphu.com\/?page_id=851\",\"url\":\"https:\/\/pkanphu.com\/?page_id=851\",\"name\":\"Li\u00ean H\u1ec7 - Ph\u00f2ng Kh\u00e1m \u0110a Khoa Qu\u1ed1c T\u1ebf An Ph\u00fa\",\"isPartOf\":{\"@id\":\"https:\/\/pkanphu.com\/#website\"},\"datePublished\":\"2018-09-30T16:38:09+00:00\",\"dateModified\":\"2023-12-04T06:31:59+00:00\",\"description\":\"\u00a0Li\u00ean h\u1ec7: 251A L\u01b0\u01a1ng \u0110\u1ecbnh C\u1ee7a, Ph\u01b0\u1eddng An Ph\u00fa, Qu\u1eadn 2 -\u00a0S\u0110T: 028 6287 2123 -\u00a0www.pkanphu.com.\",\"breadcrumb\":{\"@id\":\"https:\/\/pkanphu.com\/?page_id=851#breadcrumb\"},\"inLanguage\":\"vi\",\"potentialAction\":[{\"@type\":\"ReadAction\",\"target\":[\"https:\/\/pkanphu.com\/?page_id=851\"]}]},{\"@type\":\"BreadcrumbList\",\"@id\":\"https:\/\/pkanphu.com\/?page_id=851#breadcrumb\",\"itemListElement\":[{\"@type\":\"ListItem\",\"position\":1,\"name\":\"Home\",\"item\":\"https:\/\/pkanphu.com\/\"},{\"@type\":\"ListItem\",\"position\":2,\"name\":\"Li\u00ean H\u1ec7\"}]},{\"@type\":\"WebSite\",\"@id\":\"https:\/\/pkanphu.com\/#website\",\"url\":\"https:\/\/pkanphu.com\/\",\"name\":\"Ph\u00f2ng Kh\u00e1m \u0110a Khoa Qu\u1ed1c T\u1ebf An Ph\u00fa\",\"description\":\"\",\"potentialAction\":[{\"@type\":\"SearchAction\",\"target\":{\"@type\":\"EntryPoint\",\"urlTemplate\":\"https:\/\/pkanphu.com\/?s={search_term_string}\"},\"query-input\":\"required name=search_term_string\"}],\"inLanguage\":\"vi\"}]}<\/script>\n<!-- \/ Yoast SEO plugin. -->","yoast_head_json":{"title":"Li\u00ean H\u1ec7 - Ph\u00f2ng Kh\u00e1m \u0110a Khoa Qu\u1ed1c T\u1ebf An Ph\u00fa","description":"\u00a0Li\u00ean h\u1ec7: 251A L\u01b0\u01a1ng \u0110\u1ecbnh C\u1ee7a, Ph\u01b0\u1eddng An Ph\u00fa, Qu\u1eadn 2 -\u00a0S\u0110T: 028 6287 2123 -\u00a0www.pkanphu.com.","robots":{"index":"index","follow":"follow","max-snippet":"max-snippet:-1","max-image-preview":"max-image-preview:large","max-video-preview":"max-video-preview:-1"},"canonical":"https:\/\/pkanphu.com\/?page_id=851","og_locale":"vi_VN","og_type":"article","og_title":"Li\u00ean H\u1ec7 - Ph\u00f2ng Kh\u00e1m \u0110a Khoa Qu\u1ed1c T\u1ebf An Ph\u00fa","og_description":"\u00a0Li\u00ean h\u1ec7: 251A L\u01b0\u01a1ng \u0110\u1ecbnh C\u1ee7a, Ph\u01b0\u1eddng An Ph\u00fa, Qu\u1eadn 2 -\u00a0S\u0110T: 028 6287 2123 -\u00a0www.pkanphu.com.","og_url":"https:\/\/pkanphu.com\/?page_id=851","og_site_name":"Ph\u00f2ng Kh\u00e1m \u0110a Khoa Qu\u1ed1c T\u1ebf An Ph\u00fa","article_modified_time":"2023-12-04T06:31:59+00:00","og_image":[{"url":"http:\/\/pkanphu.com\/wp-content\/uploads\/2018\/09\/maps-and-flags.png"}],"twitter_card":"summary_large_image","twitter_misc":{"\u01af\u1edbc t\u00ednh th\u1eddi gian \u0111\u1ecdc":"1 ph\u00fat"},"schema":{"@context":"https:\/\/schema.org","@graph":[{"@type":"WebPage","@id":"https:\/\/pkanphu.com\/?page_id=851","url":"https:\/\/pkanphu.com\/?page_id=851","name":"Li\u00ean H\u1ec7 - Ph\u00f2ng Kh\u00e1m \u0110a Khoa Qu\u1ed1c T\u1ebf An Ph\u00fa","isPartOf":{"@id":"https:\/\/pkanphu.com\/#website"},"datePublished":"2018-09-30T16:38:09+00:00","dateModified":"2023-12-04T06:31:59+00:00","description":"\u00a0Li\u00ean h\u1ec7: 251A L\u01b0\u01a1ng \u0110\u1ecbnh C\u1ee7a, Ph\u01b0\u1eddng An Ph\u00fa, Qu\u1eadn 2 -\u00a0S\u0110T: 028 6287 2123 -\u00a0www.pkanphu.com.","breadcrumb":{"@id":"https:\/\/pkanphu.com\/?page_id=851#breadcrumb"},"inLanguage":"vi","potentialAction":[{"@type":"ReadAction","target":["https:\/\/pkanphu.com\/?page_id=851"]}]},{"@type":"BreadcrumbList","@id":"https:\/\/pkanphu.com\/?page_id=851#breadcrumb","itemListElement":[{"@type":"ListItem","position":1,"name":"Home","item":"https:\/\/pkanphu.com\/"},{"@type":"ListItem","position":2,"name":"Li\u00ean H\u1ec7"}]},{"@type":"WebSite","@id":"https:\/\/pkanphu.com\/#website","url":"https:\/\/pkanphu.com\/","name":"Ph\u00f2ng Kh\u00e1m \u0110a Khoa Qu\u1ed1c T\u1ebf An Ph\u00fa","description":"","potentialAction":[{"@type":"SearchAction","target":{"@type":"EntryPoint","urlTemplate":"https:\/\/pkanphu.com\/?s={search_term_string}"},"query-input":"required name=search_term_string"}],"inLanguage":"vi"}]}},"_links":{"self":[{"href":"https:\/\/pkanphu.com\/index.php?rest_route=\/wp\/v2\/pages\/851","targetHints":{"allow":["GET"]}}],"collection":[{"href":"https:\/\/pkanphu.com\/index.php?rest_route=\/wp\/v2\/pages"}],"about":[{"href":"https:\/\/pkanphu.com\/index.php?rest_route=\/wp\/v2\/types\/page"}],"author":[{"embeddable":true,"href":"https:\/\/pkanphu.com\/index.php?rest_route=\/wp\/v2\/users\/1"}],"replies":[{"embeddable":true,"href":"https:\/\/pkanphu.com\/index.php?rest_route=%2Fwp%2Fv2%2Fcomments&post=851"}],"version-history":[{"count":2,"href":"https:\/\/pkanphu.com\/index.php?rest_route=\/wp\/v2\/pages\/851\/revisions"}],"predecessor-version":[{"id":1319,"href":"https:\/\/pkanphu.com\/index.php?rest_route=\/wp\/v2\/pages\/851\/revisions\/1319"}],"wp:attachment":[{"href":"https:\/\/pkanphu.com\/index.php?rest_route=%2Fwp%2Fv2%2Fmedia&parent=851"}],"curies":[{"name":"wp","href":"https:\/\/api.w.org\/{rel}","templated":true}]}}